{"id":53,"date":"2009-09-09T14:53:16","date_gmt":"2009-09-09T14:53:16","guid":{"rendered":"http:\/\/www.santanadoitarare.pr.gov.br\/portal\/?p=53"},"modified":"2025-01-10T12:12:13","modified_gmt":"2025-01-10T15:12:13","slug":"gabinete","status":"publish","type":"page","link":"https:\/\/www.santanadoitarare.pr.gov.br\/portal\/gabinete\/","title":{"rendered":"Gabinete"},"content":{"rendered":"<p style=\"text-align: center;\"><span style=\"color: #ffffff;\">.<\/span><\/p>\n<h1 style=\"text-align: center;\"><strong>Gest\u00e3o 2025 &#8211; 2028<\/strong><\/h1>\n<p>&nbsp;<\/p>\n<p style=\"text-align: center;\"><span style=\"font-family: Arial; color: #000000; font-size: xx-large;\"><strong>Prefeito<\/strong><\/span><\/p>\n<p class=\"MsoNormal\" style=\"text-align: center; margin: 0cm 0cm 0pt;\"><a href=\"https:\/\/www.santanadoitarare.pr.gov.br\/portal\/wp-content\/uploads\/2024\/12\/cale-2-scaled.jpg\"><img loading=\"lazy\" decoding=\"async\" class=\"aligncenter wp-image-7745\" src=\"https:\/\/www.santanadoitarare.pr.gov.br\/portal\/wp-content\/uploads\/2024\/12\/cale-2-scaled.jpg\" alt=\"\" width=\"466\" height=\"439\" srcset=\"https:\/\/www.santanadoitarare.pr.gov.br\/portal\/wp-content\/uploads\/2024\/12\/cale-2-scaled.jpg 2560w, https:\/\/www.santanadoitarare.pr.gov.br\/portal\/wp-content\/uploads\/2024\/12\/cale-2-300x283.jpg 300w, https:\/\/www.santanadoitarare.pr.gov.br\/portal\/wp-content\/uploads\/2024\/12\/cale-2-1024x964.jpg 1024w, https:\/\/www.santanadoitarare.pr.gov.br\/portal\/wp-content\/uploads\/2024\/12\/cale-2-768x723.jpg 768w, https:\/\/www.santanadoitarare.pr.gov.br\/portal\/wp-content\/uploads\/2024\/12\/cale-2-1536x1447.jpg 1536w, https:\/\/www.santanadoitarare.pr.gov.br\/portal\/wp-content\/uploads\/2024\/12\/cale-2-2048x1929.jpg 2048w\" sizes=\"auto, (max-width: 466px) 100vw, 466px\" \/><\/a><\/p>\n<p class=\"MsoNormal\" style=\"text-align: center; margin: 0cm 0cm 0pt;\"><span style=\"font-family: arial, helvetica, sans-serif; font-size: 18pt;\"><span style=\"color: #000000;\"><strong>ELCIO JOS\u00c9 VIDAL (Cal\u00e9 Vidal)<\/strong><\/span><\/span><\/p>\n<p class=\"MsoNormal\" style=\"text-align: center; margin: 0cm 0cm 0pt;\"><span style=\"font-family: Arial; color: #000000; font-size: large;\">\u00a0<\/span><\/p>\n<p class=\"MsoNormal\" style=\"text-align: center; margin: 0cm 0cm 0pt;\"><span style=\"color: #ffffff;\">.<\/span><\/p>\n<p class=\"MsoNormal\" style=\"text-align: center; margin: 0cm 0cm 0pt;\"><span style=\"font-family: Arial; color: #000000; font-size: 10pt;\"><br \/>\n<span style=\"font-size: xx-large;\"><strong>Vice-Prefeito<\/strong><\/span><\/span><\/p>\n<p class=\"MsoNormal\" style=\"text-align: center; margin: 0cm 0cm 0pt;\"><a href=\"https:\/\/www.santanadoitarare.pr.gov.br\/portal\/wp-content\/uploads\/2024\/12\/joas-2-scaled.jpg\"><img loading=\"lazy\" decoding=\"async\" class=\"aligncenter wp-image-7746\" src=\"https:\/\/www.santanadoitarare.pr.gov.br\/portal\/wp-content\/uploads\/2024\/12\/joas-2-scaled.jpg\" alt=\"\" width=\"497\" height=\"468\" srcset=\"https:\/\/www.santanadoitarare.pr.gov.br\/portal\/wp-content\/uploads\/2024\/12\/joas-2-scaled.jpg 2560w, https:\/\/www.santanadoitarare.pr.gov.br\/portal\/wp-content\/uploads\/2024\/12\/joas-2-300x283.jpg 300w, https:\/\/www.santanadoitarare.pr.gov.br\/portal\/wp-content\/uploads\/2024\/12\/joas-2-1024x964.jpg 1024w, https:\/\/www.santanadoitarare.pr.gov.br\/portal\/wp-content\/uploads\/2024\/12\/joas-2-768x723.jpg 768w, https:\/\/www.santanadoitarare.pr.gov.br\/portal\/wp-content\/uploads\/2024\/12\/joas-2-1536x1447.jpg 1536w, https:\/\/www.santanadoitarare.pr.gov.br\/portal\/wp-content\/uploads\/2024\/12\/joas-2-2048x1929.jpg 2048w\" sizes=\"auto, (max-width: 497px) 100vw, 497px\" \/><\/a><\/p>\n<p class=\"MsoNormal\" style=\"text-align: center; margin: 0cm 0cm 0pt;\"><strong><span style=\"font-family: arial, helvetica, sans-serif; color: #000000; font-size: 18pt;\">JO\u00c1S FERRAZ MICHETTI<\/span><\/strong><\/p>\n<p>&nbsp;<\/p>\n<p class=\"MsoNormal\" style=\"text-align: center; margin: 0cm 0cm 0pt;\"><span style=\"font-family: Arial; color: #000000; font-size: 10pt;\"><br \/>\n<\/span><span style=\"font-family: Arial; color: #000000; font-size: 10pt;\"><br \/>\n<span style=\"font-size: medium;\"><strong><span style=\"font-size: xx-large;\">Pa\u00e7o Municipal<\/span><\/strong><\/span><\/span><span style=\"font-family: Arial; color: #000000; font-size: 10pt;\"><span style=\"font-size: medium;\"><strong><br \/>\n<\/strong>Pra\u00e7a Frei Mathias de G\u00eanova, 184 &#8211; Centro &#8211; CEP 84970-000<\/span><br \/>\n<span style=\"font-size: medium;\"> E-mail: <a href=\"mailto:prefeitura@santanadoitarare.pr.gov.br\">prefeitura@santanadoitarare.pr.gov.br<\/a><\/span><br \/>\n<span style=\"font-size: medium;\"> Fones: (43) 3771-7151 |\u00a0 (43) 3771-7152\u00a0 \u00a0|\u00a0 \u00a0(43) 3771-3400\u00a0<\/span><\/span><\/p>\n<p><span style=\"font-size: medium;\">\u00a0<\/span><\/p>\n","protected":false},"excerpt":{"rendered":"<p>. Gest\u00e3o 2025 &#8211; 2028 &nbsp; Prefeito ELCIO JOS\u00c9 VIDAL (Cal\u00e9 Vidal) \u00a0 . Vice-Prefeito JO\u00c1S FERRAZ MICHETTI &nbsp; Pa\u00e7o&#46;&#46;&#46;<\/p>\n","protected":false},"author":2,"featured_media":0,"parent":0,"menu_order":5,"comment_status":"closed","ping_status":"closed","template":"","meta":{"footnotes":""},"class_list":["post-53","page","type-page","status-publish","hentry"],"_links":{"self":[{"href":"https:\/\/www.santanadoitarare.pr.gov.br\/portal\/wp-json\/wp\/v2\/pages\/53","targetHints":{"allow":["GET"]}}],"collection":[{"href":"https:\/\/www.santanadoitarare.pr.gov.br\/portal\/wp-json\/wp\/v2\/pages"}],"about":[{"href":"https:\/\/www.santanadoitarare.pr.gov.br\/portal\/wp-json\/wp\/v2\/types\/page"}],"author":[{"embeddable":true,"href":"https:\/\/www.santanadoitarare.pr.gov.br\/portal\/wp-json\/wp\/v2\/users\/2"}],"replies":[{"embeddable":true,"href":"https:\/\/www.santanadoitarare.pr.gov.br\/portal\/wp-json\/wp\/v2\/comments?post=53"}],"version-history":[{"count":0,"href":"https:\/\/www.santanadoitarare.pr.gov.br\/portal\/wp-json\/wp\/v2\/pages\/53\/revisions"}],"wp:attachment":[{"href":"https:\/\/www.santanadoitarare.pr.gov.br\/portal\/wp-json\/wp\/v2\/media?parent=53"}],"curies":[{"name":"wp","href":"https:\/\/api.w.org\/{rel}","templated":true}]}}

<p style="text-align: center;"><span style="color: #ffffff;">.</span></p>
<h1 style="text-align: center;"><strong>Gestão 2025 &#8211; 2028</strong></h1>
<p>&nbsp;</p>
<p style="text-align: center;"><span style="font-family: Arial; color: #000000; font-size: xx-large;"><strong>Prefeito</strong></span></p>
<p class="MsoNormal" style="text-align: center; margin: 0cm 0cm 0pt;"><a href="https://www.santanadoitarare.pr.gov.br/portal/wp-content/uploads/2024/12/cale-2-scaled.jpg"><img loading="lazy" decoding="async" class="aligncenter wp-image-7745" src="https://www.santanadoitarare.pr.gov.br/portal/wp-content/uploads/2024/12/cale-2-scaled.jpg" alt="" width="466" height="439" srcset="https://www.santanadoitarare.pr.gov.br/portal/wp-content/uploads/2024/12/cale-2-scaled.jpg 2560w, https://www.santanadoitarare.pr.gov.br/portal/wp-content/uploads/2024/12/cale-2-300x283.jpg 300w, https://www.santanadoitarare.pr.gov.br/portal/wp-content/uploads/2024/12/cale-2-1024x964.jpg 1024w, https://www.santanadoitarare.pr.gov.br/portal/wp-content/uploads/2024/12/cale-2-768x723.jpg 768w, https://www.santanadoitarare.pr.gov.br/portal/wp-content/uploads/2024/12/cale-2-1536x1447.jpg 1536w, https://www.santanadoitarare.pr.gov.br/portal/wp-content/uploads/2024/12/cale-2-2048x1929.jpg 2048w" sizes="auto, (max-width: 466px) 100vw, 466px" /></a></p>
<p class="MsoNormal" style="text-align: center; margin: 0cm 0cm 0pt;"><span style="font-family: arial, helvetica, sans-serif; font-size: 18pt;"><span style="color: #000000;"><strong>ELCIO JOSÉ VIDAL (Calé Vidal)</strong></span></span></p>
<p class="MsoNormal" style="text-align: center; margin: 0cm 0cm 0pt;"><span style="font-family: Arial; color: #000000; font-size: large;"> </span></p>
<p class="MsoNormal" style="text-align: center; margin: 0cm 0cm 0pt;"><span style="color: #ffffff;">.</span></p>
<p class="MsoNormal" style="text-align: center; margin: 0cm 0cm 0pt;"><span style="font-family: Arial; color: #000000; font-size: 10pt;"><br />
<span style="font-size: xx-large;"><strong>Vice-Prefeito</strong></span></span></p>
<p class="MsoNormal" style="text-align: center; margin: 0cm 0cm 0pt;"><a href="https://www.santanadoitarare.pr.gov.br/portal/wp-content/uploads/2024/12/joas-2-scaled.jpg"><img loading="lazy" decoding="async" class="aligncenter wp-image-7746" src="https://www.santanadoitarare.pr.gov.br/portal/wp-content/uploads/2024/12/joas-2-scaled.jpg" alt="" width="497" height="468" srcset="https://www.santanadoitarare.pr.gov.br/portal/wp-content/uploads/2024/12/joas-2-scaled.jpg 2560w, https://www.santanadoitarare.pr.gov.br/portal/wp-content/uploads/2024/12/joas-2-300x283.jpg 300w, https://www.santanadoitarare.pr.gov.br/portal/wp-content/uploads/2024/12/joas-2-1024x964.jpg 1024w, https://www.santanadoitarare.pr.gov.br/portal/wp-content/uploads/2024/12/joas-2-768x723.jpg 768w, https://www.santanadoitarare.pr.gov.br/portal/wp-content/uploads/2024/12/joas-2-1536x1447.jpg 1536w, https://www.santanadoitarare.pr.gov.br/portal/wp-content/uploads/2024/12/joas-2-2048x1929.jpg 2048w" sizes="auto, (max-width: 497px) 100vw, 497px" /></a></p>
<p class="MsoNormal" style="text-align: center; margin: 0cm 0cm 0pt;"><strong><span style="font-family: arial, helvetica, sans-serif; color: #000000; font-size: 18pt;">JOÁS FERRAZ MICHETTI</span></strong></p>
<p>&nbsp;</p>
<p class="MsoNormal" style="text-align: center; margin: 0cm 0cm 0pt;"><span style="font-family: Arial; color: #000000; font-size: 10pt;"><br />
</span><span style="font-family: Arial; color: #000000; font-size: 10pt;"><br />
<span style="font-size: medium;"><strong><span style="font-size: xx-large;">Paço Municipal</span></strong></span></span><span style="font-family: Arial; color: #000000; font-size: 10pt;"><span style="font-size: medium;"><strong><br />
</strong>Praça Frei Mathias de Gênova, 184 &#8211; Centro &#8211; CEP 84970-000</span><br />
<span style="font-size: medium;"> E-mail: <a href="mailto:prefeitura@santanadoitarare.pr.gov.br">prefeitura@santanadoitarare.pr.gov.br</a></span><br />
<span style="font-size: medium;"> Fones: (43) 3771-7151 |  (43) 3771-7152   |   (43) 3771-3400 </span></span></p>
<p><span style="font-size: medium;"> </span></p>

<p>. Gestão 2025 &#8211; 2028 &nbsp; Prefeito ELCIO JOSÉ VIDAL (Calé Vidal)   . Vice-Prefeito JOÁS FERRAZ MICHETTI &nbsp; Paço&#46;&#46;&#46;</p>
