{"id":6,"date":"2009-09-08T21:46:59","date_gmt":"2009-09-09T00:46:59","guid":{"rendered":"http:\/\/www.santanadoitarare.pr.gov.br\/portal\/?p=6"},"modified":"2025-01-11T12:35:56","modified_gmt":"2025-01-11T15:35:56","slug":"hino-do-municipio","status":"publish","type":"page","link":"https:\/\/www.santanadoitarare.pr.gov.br\/portal\/hino-do-municipio\/","title":{"rendered":"Hino do Munic\u00edpio"},"content":{"rendered":"<p class=\"MsoNormal\" style=\"padding-left: 30px;\"><span style=\"color: black; font-size: medium; font-family: arial, helvetica, sans-serif;\"><strong>Letra e M\u00fasica: Maestro Sebasti\u00e3o Lima e Jos\u00e9 Carlos Pereira.<\/strong><\/span><\/p>\n<p class=\"MsoNormal\" style=\"padding-left: 30px;\"><span style=\"color: #ffffff; background-color: #ffffff;\">.<\/span><\/p>\n<p style=\"color: #333333; font-family: Georgia, 'Times New Roman', 'Bitstream Charter', Times, serif; font-size: 16px; font-style: normal; font-variant: normal; font-weight: normal; letter-spacing: normal; orphans: auto; text-align: start; text-indent: 0px; text-transform: none; white-space: normal; widows: 1; -webkit-text-stroke-width: 0px; margin-top: 0px; margin-bottom: 0px; padding-left: 60px;\">&#8220;Onde o sol \u00e9 um clarim deslumbrante<br \/>\nNa regi\u00e3o mais fecunda que h\u00e1<br \/>\nNeste Norte Pioneiro pujante<br \/>\nQue\u00a0ornamenta o meu Paran\u00e1<br \/>\nTu nasceste de t\u00e3o bela hist\u00f3ria<br \/>\nNa fronteira de um Estado irm\u00e3o<br \/>\nPalmilhando a trilha da gl\u00f3ria<br \/>\nQue impulsiona esta rica na\u00e7\u00e3o.<\/p>\n<hr \/>\n<p style=\"color: #333333; font-family: Georgia, 'Times New Roman', 'Bitstream Charter', Times, serif; font-size: 16px; font-style: normal; font-variant: normal; font-weight: normal; letter-spacing: normal; orphans: auto; text-align: start; text-indent: 0px; text-transform: none; white-space: normal; widows: 1; -webkit-text-stroke-width: 0px; margin-top: 0px; margin-bottom: 0px; padding-left: 60px;\">Desde crian\u00e7a eu aprendi.<\/p>\n<p style=\"color: #333333; font-family: Georgia, 'Times New Roman', 'Bitstream Charter', Times, serif; font-size: 16px; font-style: normal; font-variant: normal; font-weight: normal; letter-spacing: normal; orphans: auto; text-align: start; text-indent: 0px; text-transform: none; white-space: normal; widows: 1; -webkit-text-stroke-width: 0px; margin-top: 0px; margin-bottom: 0px; padding-left: 60px;\">Oh! Santana do Itarar\u00e9<\/p>\n<p style=\"color: #333333; font-family: Georgia, 'Times New Roman', 'Bitstream Charter', Times, serif; font-size: 16px; font-style: normal; font-variant: normal; font-weight: normal; letter-spacing: normal; orphans: auto; text-align: start; text-indent: 0px; text-transform: none; white-space: normal; widows: 1; -webkit-text-stroke-width: 0px; margin-top: 0px; margin-bottom: 0px; padding-left: 60px;\">\u00c9s a terra mais linda que eu vi<\/p>\n<p style=\"color: #333333; font-family: Georgia, 'Times New Roman', 'Bitstream Charter', Times, serif; font-size: 16px; font-style: normal; font-variant: normal; font-weight: normal; letter-spacing: normal; orphans: auto; text-align: start; text-indent: 0px; text-transform: none; white-space: normal; widows: 1; -webkit-text-stroke-width: 0px; margin-top: 0px; margin-bottom: 0px; padding-left: 60px;\">E o teu povo trabalha com f\u00e9<\/p>\n<p style=\"color: #333333; font-family: Georgia, 'Times New Roman', 'Bitstream Charter', Times, serif; font-size: 16px; font-style: normal; font-variant: normal; font-weight: normal; letter-spacing: normal; orphans: auto; text-align: start; text-indent: 0px; text-transform: none; white-space: normal; widows: 1; -webkit-text-stroke-width: 0px; margin-top: 0px; margin-bottom: 0px; padding-left: 60px;\">Em Santana a Padroeira<\/p>\n<p style=\"color: #333333; font-family: Georgia, 'Times New Roman', 'Bitstream Charter', Times, serif; font-size: 16px; font-style: normal; font-variant: normal; font-weight: normal; letter-spacing: normal; orphans: auto; text-align: start; text-indent: 0px; text-transform: none; white-space: normal; widows: 1; -webkit-text-stroke-width: 0px; margin-top: 0px; margin-bottom: 0px; padding-left: 60px;\">Em seu manto protetor<\/p>\n<p style=\"color: #333333; font-family: Georgia, 'Times New Roman', 'Bitstream Charter', Times, serif; font-size: 16px; font-style: normal; font-variant: normal; font-weight: normal; letter-spacing: normal; orphans: auto; text-align: start; text-indent: 0px; text-transform: none; white-space: normal; widows: 1; -webkit-text-stroke-width: 0px; margin-top: 0px; margin-bottom: 0px; padding-left: 60px;\">Ser\u00e1s sempre hospitaleira<\/p>\n<p style=\"color: #333333; font-family: Georgia, 'Times New Roman', 'Bitstream Charter', Times, serif; font-size: 16px; font-style: normal; font-variant: normal; font-weight: normal; letter-spacing: normal; orphans: auto; text-align: start; text-indent: 0px; text-transform: none; white-space: normal; widows: 1; -webkit-text-stroke-width: 0px; margin-top: 0px; margin-bottom: 0px; padding-left: 60px;\">Plena de vida e de amor.<\/p>\n<hr \/>\n<p style=\"color: #333333; font-family: Georgia, 'Times New Roman', 'Bitstream Charter', Times, serif; font-size: 16px; font-style: normal; font-variant: normal; font-weight: normal; letter-spacing: normal; orphans: auto; text-align: start; text-indent: 0px; text-transform: none; white-space: normal; widows: 1; -webkit-text-stroke-width: 0px; margin-top: 0px; margin-bottom: 0px; padding-left: 60px;\">Foi Barbosa seu nome primeiro<br \/>\nAo surgires no agreste Sert\u00e3o<br \/>\nPela luta do audaz Pioneiro<br \/>\nE o amor dedicado a este ch\u00e3o<br \/>\nCom Itarar\u00e9 caudaloso<br \/>\nIrrigado seu solo gentil<br \/>\nTeu futuro ser\u00e1 venturoso<br \/>\nPara o orgulho do nosso Brasil!&#8221; <span style=\"color: #ffffff;\"><span style=\"font-size: medium; font-family: arial, helvetica, sans-serif;\">\u00a0<\/span><\/span><\/p>\n<p>&nbsp;<\/p>\n<p><span style=\"font-size: medium; font-family: arial, helvetica, sans-serif;\">\u00a0<\/span><\/p>\n","protected":false},"excerpt":{"rendered":"<p>Letra e M\u00fasica: Maestro Sebasti\u00e3o Lima e Jos\u00e9 Carlos Pereira. . &#8220;Onde o sol \u00e9 um clarim deslumbrante Na regi\u00e3o&#46;&#46;&#46;<\/p>\n","protected":false},"author":2,"featured_media":4,"parent":0,"menu_order":1,"comment_status":"closed","ping_status":"closed","template":"","meta":{"footnotes":""},"class_list":["post-6","page","type-page","status-publish","has-post-thumbnail","hentry"],"_links":{"self":[{"href":"https:\/\/www.santanadoitarare.pr.gov.br\/portal\/wp-json\/wp\/v2\/pages\/6","targetHints":{"allow":["GET"]}}],"collection":[{"href":"https:\/\/www.santanadoitarare.pr.gov.br\/portal\/wp-json\/wp\/v2\/pages"}],"about":[{"href":"https:\/\/www.santanadoitarare.pr.gov.br\/portal\/wp-json\/wp\/v2\/types\/page"}],"author":[{"embeddable":true,"href":"https:\/\/www.santanadoitarare.pr.gov.br\/portal\/wp-json\/wp\/v2\/users\/2"}],"replies":[{"embeddable":true,"href":"https:\/\/www.santanadoitarare.pr.gov.br\/portal\/wp-json\/wp\/v2\/comments?post=6"}],"version-history":[{"count":0,"href":"https:\/\/www.santanadoitarare.pr.gov.br\/portal\/wp-json\/wp\/v2\/pages\/6\/revisions"}],"wp:featuredmedia":[{"embeddable":true,"href":"https:\/\/www.santanadoitarare.pr.gov.br\/portal\/wp-json\/wp\/v2\/media\/4"}],"wp:attachment":[{"href":"https:\/\/www.santanadoitarare.pr.gov.br\/portal\/wp-json\/wp\/v2\/media?parent=6"}],"curies":[{"name":"wp","href":"https:\/\/api.w.org\/{rel}","templated":true}]}}