{"id":6446,"date":"2022-06-24T10:21:58","date_gmt":"2022-06-24T13:21:58","guid":{"rendered":"https:\/\/www.santanadoitarare.pr.gov.br\/portal\/?page_id=6446"},"modified":"2025-10-20T19:54:33","modified_gmt":"2025-10-20T22:54:33","slug":"recomendacoes-do-ministerio-publico","status":"publish","type":"page","link":"https:\/\/www.santanadoitarare.pr.gov.br\/portal\/recomendacoes-do-ministerio-publico\/","title":{"rendered":"Recomenda\u00e7\u00f5es do Minist\u00e9rio P\u00fablico"},"content":{"rendered":"<p>Sobre:<\/p>\n<p>:: <a href=\"http:\/\/www.santanadoitarare.pr.gov.br\/portal\/wp-content\/uploads\/2025\/10\/Recomendacao-Administrativa-01-2025.pdf\" target=\"_blank\" rel=\"noopener\">Recomenda\u00e7\u00e3o Administrativa n\u00ba 01\/2025 &#8211; Referente \u00e0 realiza\u00e7\u00e3o de eventos p\u00fablicos no munic\u00edpio, especialmente a EXPO AGRO SANTANA 2025 e o evento \u201cRainha da Expo Agro Santana 2025\u201d<\/a><\/p>\n<p>:: <a href=\"https:\/\/www.santanadoitarare.pr.gov.br\/portal\/wp-content\/uploads\/2024\/03\/ministerio-publico-Recomendacao-001-2024.pdf\" target=\"_blank\" rel=\"noopener\">Recomenda\u00e7\u00e3o Administrativa 001\/2024 &#8211; Import\u00e2ncia da apresenta\u00e7\u00e3o da carteira de vacina\u00e7\u00e3o no ato de matr\u00edcula escolar<\/a><\/p>\n<p>:: <a href=\"https:\/\/www.santanadoitarare.pr.gov.br\/portal\/wp-content\/uploads\/2025\/08\/3_Recom_Adm_Transporte_Intermunicipal_Trabalhadores.pdf\" target=\"_blank\" rel=\"noopener\">Recomenda\u00e7\u00e3o Administrativa n\u00ba 03\/2023 &#8211; Transporte intermunicipal de trabalhadores.<\/a><\/p>\n<p>:: <a href=\"https:\/\/www.santanadoitarare.pr.gov.br\/portal\/wp-content\/uploads\/2022\/06\/01_Recomendacao_Administrativa_fracionamento_solo_rural-.pdf\" target=\"_blank\" rel=\"noopener\">Parcelamento do solo para fins urbanos;<\/a><\/p>\n<p>:: <a href=\"https:\/\/www.santanadoitarare.pr.gov.br\/portal\/wp-content\/uploads\/2022\/06\/mp-controle-de-frequencia-2022.pdf\" target=\"_blank\" rel=\"noopener\">Implanta\u00e7\u00e3o de controle de frequ\u00eancia di\u00e1ria dos agentes p\u00fablicos do munic\u00edpio;<\/a><\/p>\n<p>&nbsp;<\/p>\n<p>&nbsp;<\/p>\n<p>&nbsp;<\/p>\n<p>&nbsp;<\/p>\n","protected":false},"excerpt":{"rendered":"<p>Sobre: :: Recomenda\u00e7\u00e3o Administrativa n\u00ba 01\/2025 &#8211; Referente \u00e0 realiza\u00e7\u00e3o de eventos p\u00fablicos no munic\u00edpio, especialmente a EXPO AGRO SANTANA&#46;&#46;&#46;<\/p>\n","protected":false},"author":2,"featured_media":0,"parent":0,"menu_order":0,"comment_status":"closed","ping_status":"closed","template":"","meta":{"footnotes":""},"class_list":["post-6446","page","type-page","status-publish","hentry"],"_links":{"self":[{"href":"https:\/\/www.santanadoitarare.pr.gov.br\/portal\/wp-json\/wp\/v2\/pages\/6446","targetHints":{"allow":["GET"]}}],"collection":[{"href":"https:\/\/www.santanadoitarare.pr.gov.br\/portal\/wp-json\/wp\/v2\/pages"}],"about":[{"href":"https:\/\/www.santanadoitarare.pr.gov.br\/portal\/wp-json\/wp\/v2\/types\/page"}],"author":[{"embeddable":true,"href":"https:\/\/www.santanadoitarare.pr.gov.br\/portal\/wp-json\/wp\/v2\/users\/2"}],"replies":[{"embeddable":true,"href":"https:\/\/www.santanadoitarare.pr.gov.br\/portal\/wp-json\/wp\/v2\/comments?post=6446"}],"version-history":[{"count":3,"href":"https:\/\/www.santanadoitarare.pr.gov.br\/portal\/wp-json\/wp\/v2\/pages\/6446\/revisions"}],"predecessor-version":[{"id":11392,"href":"https:\/\/www.santanadoitarare.pr.gov.br\/portal\/wp-json\/wp\/v2\/pages\/6446\/revisions\/11392"}],"wp:attachment":[{"href":"https:\/\/www.santanadoitarare.pr.gov.br\/portal\/wp-json\/wp\/v2\/media?parent=6446"}],"curies":[{"name":"wp","href":"https:\/\/api.w.org\/{rel}","templated":true}]}}

Recomendações do Ministério Público

<p>Sobre:</p>
<p>:: <a href="http://www.santanadoitarare.pr.gov.br/portal/wp-content/uploads/2025/10/Recomendacao-Administrativa-01-2025.pdf" target="_blank" rel="noopener">Recomendação Administrativa nº 01/2025 &#8211; Referente à realização de eventos públicos no município, especialmente a EXPO AGRO SANTANA 2025 e o evento “Rainha da Expo Agro Santana 2025”</a></p>
<p>:: <a href="https://www.santanadoitarare.pr.gov.br/portal/wp-content/uploads/2024/03/ministerio-publico-Recomendacao-001-2024.pdf" target="_blank" rel="noopener">Recomendação Administrativa 001/2024 &#8211; Importância da apresentação da carteira de vacinação no ato de matrícula escolar</a></p>
<p>:: <a href="https://www.santanadoitarare.pr.gov.br/portal/wp-content/uploads/2025/08/3_Recom_Adm_Transporte_Intermunicipal_Trabalhadores.pdf" target="_blank" rel="noopener">Recomendação Administrativa nº 03/2023 &#8211; Transporte intermunicipal de trabalhadores.</a></p>
<p>:: <a href="https://www.santanadoitarare.pr.gov.br/portal/wp-content/uploads/2022/06/01_Recomendacao_Administrativa_fracionamento_solo_rural-.pdf" target="_blank" rel="noopener">Parcelamento do solo para fins urbanos;</a></p>
<p>:: <a href="https://www.santanadoitarare.pr.gov.br/portal/wp-content/uploads/2022/06/mp-controle-de-frequencia-2022.pdf" target="_blank" rel="noopener">Implantação de controle de frequência diária dos agentes públicos do município;</a></p>
<p>&nbsp;</p>
<p>&nbsp;</p>
<p>&nbsp;</p>
<p>&nbsp;</p>

<p>Sobre: :: Recomendação Administrativa nº 01/2025 &#8211; Referente à realização de eventos públicos no município, especialmente a EXPO AGRO SANTANA&#46;&#46;&#46;</p>
