{"id":84,"date":"2026-05-15T22:19:12","date_gmt":"2026-05-16T01:19:12","guid":{"rendered":"https:\/\/www.santanadoitarare.pr.gov.br\/portal\/?page_id=84"},"modified":"2026-05-15T22:19:12","modified_gmt":"2026-05-16T01:19:12","slug":"expediente","status":"publish","type":"page","link":"https:\/\/www.santanadoitarare.pr.gov.br\/portal\/expediente\/","title":{"rendered":"Expediente"},"content":{"rendered":"\n<p><strong>Hor\u00e1rio de Atendimento:<\/strong><br>De segunda a sexta-feira das 8:00 \u00e0s 11:30 e das 13:00 \u00e0s 17:00h\u00a0<em>\u00a0<\/em><br><br><strong>Contato:<\/strong><br>Fones:\u00a0<strong>(43) 3771-7151 \u2013\u00a0 (43) 3771-7152\u00a0 \u2013\u00a0 (43) 3771-3400<\/strong><br>E-mail: prefeitura@santanadoitarare.pr.gov.br\u00a0\u00a0<\/p>\n\n\n\n<p><strong>Localiza\u00e7\u00e3o:\u00a0<\/strong><br>Pra\u00e7a Frei Mathias de Genova n\u00ba. 184 \u00a0Centro\u00a0\u00a0\u2013\u00a0\u00a0CEP 84970-000 \u2013\u00a0Santana do Itarar\u00e9 \u2013 PR<\/p>\n\n\n\n<p><\/p>\n\n\n\n<p>Gostou? Ent\u00e3o compartilhe:<\/p>\n","protected":false},"excerpt":{"rendered":"<p>Hor\u00e1rio de Atendimento:De segunda a sexta-feira das 8:00 \u00e0s 11:30 e das 13:00 \u00e0s 17:00h\u00a0\u00a0 Contato:Fones:\u00a0(43) 3771-7151 \u2013\u00a0 (43) 3771-7152\u00a0 \u2013\u00a0 (43) 3771-3400E-mail: prefeitura@santanadoitarare.pr.gov.br\u00a0\u00a0 Localiza\u00e7\u00e3o:\u00a0Pra\u00e7a<\/p>\n","protected":false},"author":1,"featured_media":0,"parent":0,"menu_order":0,"comment_status":"closed","ping_status":"closed","template":"","meta":{"footnotes":""},"class_list":["post-84","page","type-page","status-publish","hentry"],"_links":{"self":[{"href":"https:\/\/www.santanadoitarare.pr.gov.br\/portal\/wp-json\/wp\/v2\/pages\/84","targetHints":{"allow":["GET"]}}],"collection":[{"href":"https:\/\/www.santanadoitarare.pr.gov.br\/portal\/wp-json\/wp\/v2\/pages"}],"about":[{"href":"https:\/\/www.santanadoitarare.pr.gov.br\/portal\/wp-json\/wp\/v2\/types\/page"}],"author":[{"embeddable":true,"href":"https:\/\/www.santanadoitarare.pr.gov.br\/portal\/wp-json\/wp\/v2\/users\/1"}],"replies":[{"embeddable":true,"href":"https:\/\/www.santanadoitarare.pr.gov.br\/portal\/wp-json\/wp\/v2\/comments?post=84"}],"version-history":[{"count":1,"href":"https:\/\/www.santanadoitarare.pr.gov.br\/portal\/wp-json\/wp\/v2\/pages\/84\/revisions"}],"predecessor-version":[{"id":85,"href":"https:\/\/www.santanadoitarare.pr.gov.br\/portal\/wp-json\/wp\/v2\/pages\/84\/revisions\/85"}],"wp:attachment":[{"href":"https:\/\/www.santanadoitarare.pr.gov.br\/portal\/wp-json\/wp\/v2\/media?parent=84"}],"curies":[{"name":"wp","href":"https:\/\/api.w.org\/{rel}","templated":true}]}}